{"id":3199,"date":"2019-09-06T10:12:56","date_gmt":"2019-09-06T10:12:56","guid":{"rendered":"http:\/\/impreza16.us-themes.com\/?page_id=3199"},"modified":"2022-03-29T11:52:37","modified_gmt":"2022-03-29T11:52:37","slug":"portfolio","status":"publish","type":"page","link":"https:\/\/reflexologue81.fr\/?page_id=3199","title":{"rendered":"Articles"},"content":{"rendered":"<section class=\"l-section wpb_row height_auto width_full\"><div class=\"l-section-h i-cf\"><div class=\"g-cols vc_row via_grid cols_1 laptops-cols_inherit tablets-cols_inherit mobiles-cols_1 valign_top type_default stacking_default\"><div class=\"wpb_column vc_column_container\"><div class=\"vc_column-inner\"><div class=\"w-grid us_custom_6618e26b type_grid layout_blog_1 cols_3 pagination_infinite with_css_animation\" id=\"us_grid_1\" style=\"--gap:0.75rem;\" data-filterable=\"true\"><style>@media (max-width:1024px){#us_grid_1 .w-grid-item{width:50%}}@media (max-width:600px){#us_grid_1 .w-grid-list{margin:0}#us_grid_1 .w-grid-item{width:100%;padding:0;margin-bottom:var(--gap,0px)}}@media (min-width:1024px){#us_grid_1 .w-post-elm.post_title{font-size:2rem!important}}.layout_blog_1 .w-grid-item-h{}.layout_blog_1 .usg_post_image_1{margin-bottom:0.5rem!important}.layout_blog_1 .usg_post_title_1{font-size:1rem!important}<\/style><div class=\"w-grid-list\">\t<article class=\"w-grid-item us_animate_afb size_1x1 post-4078 post type-post status-publish format-standard has-post-thumbnail hentry category-uncategorized\" data-id=\"4078\" style=\"animation-delay:0s\">\r\n\t\t<div class=\"w-grid-item-h\">\r\n\t\t\t\t\t\t\t<a href=\"https:\/\/reflexologue81.fr\/?p=4078\" class=\"w-grid-item-anchor\" aria-label=\"Pourquoi est il important de travailler la zone r\u00e9flexe du psoas en r\u00e9flexologie\"><\/a>\r\n\t\t\t\t\t\t<div class=\"w-post-elm post_image usg_post_image_1 stretched\"><a href=\"https:\/\/reflexologue81.fr\/?p=4078\" aria-label=\"Pourquoi est il important de travailler la zone r\u00e9flexe du psoas en r\u00e9flexologie\"><img loading=\"lazy\" decoding=\"async\" width=\"474\" height=\"474\" src=\"https:\/\/reflexologue81.fr\/wp-content\/uploads\/2025\/03\/psoas.jpg\" class=\"attachment-large size-large wp-post-image\" alt=\"\" srcset=\"https:\/\/reflexologue81.fr\/wp-content\/uploads\/2025\/03\/psoas.jpg 474w, https:\/\/reflexologue81.fr\/wp-content\/uploads\/2025\/03\/psoas-300x300.jpg 300w, https:\/\/reflexologue81.fr\/wp-content\/uploads\/2025\/03\/psoas-150x150.jpg 150w\" sizes=\"auto, (max-width: 474px) 100vw, 474px\" \/><\/a><\/div><h2 class=\"w-post-elm post_title usg_post_title_1 entry-title color_link_inherit\"><a href=\"https:\/\/reflexologue81.fr\/?p=4078\">Pourquoi est il important de travailler la zone r\u00e9flexe du psoas en r\u00e9flexologie<\/a><\/h2>\t\t<\/div>\r\n\t\t\t<\/article>\r\n\t<article class=\"w-grid-item us_animate_afb size_1x1 post-4072 post type-post status-publish format-standard has-post-thumbnail hentry category-uncategorized\" data-id=\"4072\" style=\"animation-delay:0.1s\">\r\n\t\t<div class=\"w-grid-item-h\">\r\n\t\t\t\t\t\t\t<a href=\"https:\/\/reflexologue81.fr\/?p=4072\" class=\"w-grid-item-anchor\" aria-label=\"Le syst\u00e8me lymphatique. Pourquoi la stimulation de la zone reflexe du syst\u00e8me lymphatiques est tr\u00e8s important en r\u00e9flexologie !\"><\/a>\r\n\t\t\t\t\t\t<div class=\"w-post-elm post_image usg_post_image_1 stretched\"><a href=\"https:\/\/reflexologue81.fr\/?p=4072\" aria-label=\"Le syst\u00e8me lymphatique. Pourquoi la stimulation de la zone reflexe du syst\u00e8me lymphatiques est tr\u00e8s important en r\u00e9flexologie !\"><img loading=\"lazy\" decoding=\"async\" width=\"454\" height=\"745\" src=\"https:\/\/reflexologue81.fr\/wp-content\/uploads\/2024\/11\/465004763_574461318432989_2018749089870584214_n.jpg\" class=\"attachment-large size-large wp-post-image\" alt=\"\" srcset=\"https:\/\/reflexologue81.fr\/wp-content\/uploads\/2024\/11\/465004763_574461318432989_2018749089870584214_n.jpg 454w, https:\/\/reflexologue81.fr\/wp-content\/uploads\/2024\/11\/465004763_574461318432989_2018749089870584214_n-183x300.jpg 183w\" sizes=\"auto, (max-width: 454px) 100vw, 454px\" \/><\/a><\/div><h2 class=\"w-post-elm post_title usg_post_title_1 entry-title color_link_inherit\"><a href=\"https:\/\/reflexologue81.fr\/?p=4072\">Le syst\u00e8me lymphatique. Pourquoi la stimulation de la zone reflexe du syst\u00e8me lymphatiques est tr\u00e8s important en r\u00e9flexologie !<\/a><\/h2>\t\t<\/div>\r\n\t\t\t<\/article>\r\n\t<article class=\"w-grid-item us_animate_afb size_1x1 post-4067 post type-post status-publish format-standard has-post-thumbnail hentry category-uncategorized\" data-id=\"4067\" style=\"animation-delay:0.2s\">\r\n\t\t<div class=\"w-grid-item-h\">\r\n\t\t\t\t\t\t\t<a href=\"https:\/\/reflexologue81.fr\/?p=4067\" class=\"w-grid-item-anchor\" aria-label=\"la r\u00e9flexologie et les diff\u00e9rents syst\u00e8mes du corps humain !\"><\/a>\r\n\t\t\t\t\t\t<div class=\"w-post-elm post_image usg_post_image_1 stretched\"><a href=\"https:\/\/reflexologue81.fr\/?p=4067\" aria-label=\"la r\u00e9flexologie et les diff\u00e9rents syst\u00e8mes du corps humain !\"><img loading=\"lazy\" decoding=\"async\" width=\"1024\" height=\"709\" src=\"https:\/\/reflexologue81.fr\/wp-content\/uploads\/2024\/02\/systemes-corps-humain-1024x709.jpg\" class=\"attachment-large size-large wp-post-image\" alt=\"\" srcset=\"https:\/\/reflexologue81.fr\/wp-content\/uploads\/2024\/02\/systemes-corps-humain-1024x709.jpg 1024w, https:\/\/reflexologue81.fr\/wp-content\/uploads\/2024\/02\/systemes-corps-humain-300x208.jpg 300w, https:\/\/reflexologue81.fr\/wp-content\/uploads\/2024\/02\/systemes-corps-humain-1536x1063.jpg 1536w, https:\/\/reflexologue81.fr\/wp-content\/uploads\/2024\/02\/systemes-corps-humain.jpg 2000w\" sizes=\"auto, (max-width: 1024px) 100vw, 1024px\" \/><\/a><\/div><h2 class=\"w-post-elm post_title usg_post_title_1 entry-title color_link_inherit\"><a href=\"https:\/\/reflexologue81.fr\/?p=4067\">la r\u00e9flexologie et les diff\u00e9rents syst\u00e8mes du corps humain !<\/a><\/h2>\t\t<\/div>\r\n\t\t\t<\/article>\r\n\t<article class=\"w-grid-item us_animate_afb size_1x1 post-4063 post type-post status-publish format-standard has-post-thumbnail hentry category-uncategorized\" data-id=\"4063\" style=\"animation-delay:0.3s\">\r\n\t\t<div class=\"w-grid-item-h\">\r\n\t\t\t\t\t\t\t<a href=\"https:\/\/reflexologue81.fr\/?p=4063\" class=\"w-grid-item-anchor\" aria-label=\"La r\u00e9flexologie et le diab\u00e8te\"><\/a>\r\n\t\t\t\t\t\t<div class=\"w-post-elm post_image usg_post_image_1 stretched\"><a href=\"https:\/\/reflexologue81.fr\/?p=4063\" aria-label=\"La r\u00e9flexologie et le diab\u00e8te\"><img loading=\"lazy\" decoding=\"async\" width=\"600\" height=\"600\" src=\"https:\/\/reflexologue81.fr\/wp-content\/uploads\/2024\/01\/1-3.webp\" class=\"attachment-large size-large wp-post-image\" alt=\"\" srcset=\"https:\/\/reflexologue81.fr\/wp-content\/uploads\/2024\/01\/1-3.webp 600w, https:\/\/reflexologue81.fr\/wp-content\/uploads\/2024\/01\/1-3-300x300.webp 300w, https:\/\/reflexologue81.fr\/wp-content\/uploads\/2024\/01\/1-3-150x150.webp 150w\" sizes=\"auto, (max-width: 600px) 100vw, 600px\" \/><\/a><\/div><h2 class=\"w-post-elm post_title usg_post_title_1 entry-title color_link_inherit\"><a href=\"https:\/\/reflexologue81.fr\/?p=4063\">La r\u00e9flexologie et le diab\u00e8te<\/a><\/h2>\t\t<\/div>\r\n\t\t\t<\/article>\r\n\t<article class=\"w-grid-item us_animate_afb size_1x1 post-4060 post type-post status-publish format-standard has-post-thumbnail hentry category-uncategorized\" data-id=\"4060\" style=\"animation-delay:0.4s\">\r\n\t\t<div class=\"w-grid-item-h\">\r\n\t\t\t\t\t\t\t<a href=\"https:\/\/reflexologue81.fr\/?p=4060\" class=\"w-grid-item-anchor\" aria-label=\"BONNE ANNEE 2024 !\"><\/a>\r\n\t\t\t\t\t\t<div class=\"w-post-elm post_image usg_post_image_1 stretched\"><a href=\"https:\/\/reflexologue81.fr\/?p=4060\" aria-label=\"BONNE ANNEE 2024 !\"><img loading=\"lazy\" decoding=\"async\" width=\"540\" height=\"360\" src=\"https:\/\/reflexologue81.fr\/wp-content\/uploads\/2024\/01\/415088655_379515694594220_6166750153504461150_n.jpg\" class=\"attachment-large size-large wp-post-image\" alt=\"\" srcset=\"https:\/\/reflexologue81.fr\/wp-content\/uploads\/2024\/01\/415088655_379515694594220_6166750153504461150_n.jpg 540w, https:\/\/reflexologue81.fr\/wp-content\/uploads\/2024\/01\/415088655_379515694594220_6166750153504461150_n-300x200.jpg 300w\" sizes=\"auto, (max-width: 540px) 100vw, 540px\" \/><\/a><\/div><h2 class=\"w-post-elm post_title usg_post_title_1 entry-title color_link_inherit\"><a href=\"https:\/\/reflexologue81.fr\/?p=4060\">BONNE ANNEE 2024 !<\/a><\/h2>\t\t<\/div>\r\n\t\t\t<\/article>\r\n\t<article class=\"w-grid-item us_animate_afb size_1x1 post-4056 post type-post status-publish format-standard has-post-thumbnail hentry category-uncategorized\" data-id=\"4056\" style=\"animation-delay:0.5s\">\r\n\t\t<div class=\"w-grid-item-h\">\r\n\t\t\t\t\t\t\t<a href=\"https:\/\/reflexologue81.fr\/?p=4056\" class=\"w-grid-item-anchor\" aria-label=\"Formation r\u00e9flexologie et cancer\"><\/a>\r\n\t\t\t\t\t\t<div class=\"w-post-elm post_image usg_post_image_1 stretched\"><a href=\"https:\/\/reflexologue81.fr\/?p=4056\" aria-label=\"Formation r\u00e9flexologie et cancer\"><img loading=\"lazy\" decoding=\"async\" width=\"940\" height=\"788\" src=\"https:\/\/reflexologue81.fr\/wp-content\/uploads\/2023\/10\/385895299_328793826333074_424833370044351997_n.jpg\" class=\"attachment-large size-large wp-post-image\" alt=\"\" srcset=\"https:\/\/reflexologue81.fr\/wp-content\/uploads\/2023\/10\/385895299_328793826333074_424833370044351997_n.jpg 940w, https:\/\/reflexologue81.fr\/wp-content\/uploads\/2023\/10\/385895299_328793826333074_424833370044351997_n-300x251.jpg 300w\" sizes=\"auto, (max-width: 940px) 100vw, 940px\" \/><\/a><\/div><h2 class=\"w-post-elm post_title usg_post_title_1 entry-title color_link_inherit\"><a href=\"https:\/\/reflexologue81.fr\/?p=4056\">Formation r\u00e9flexologie et cancer<\/a><\/h2>\t\t<\/div>\r\n\t\t\t<\/article>\r\n\t<article class=\"w-grid-item us_animate_afb size_1x1 post-4051 post type-post status-publish format-standard has-post-thumbnail hentry category-uncategorized\" data-id=\"4051\" style=\"animation-delay:0s\">\r\n\t\t<div class=\"w-grid-item-h\">\r\n\t\t\t\t\t\t\t<a href=\"https:\/\/reflexologue81.fr\/?p=4051\" class=\"w-grid-item-anchor\" aria-label=\"Mieux vivre l\u2019automne\ud83c\udf42\ud83c\udf44 avec la r\u00e9flexologie\"><\/a>\r\n\t\t\t\t\t\t<div class=\"w-post-elm post_image usg_post_image_1 stretched\"><a href=\"https:\/\/reflexologue81.fr\/?p=4051\" aria-label=\"Mieux vivre l\u2019automne\ud83c\udf42\ud83c\udf44 avec la r\u00e9flexologie\"><img loading=\"lazy\" decoding=\"async\" width=\"1024\" height=\"577\" src=\"https:\/\/reflexologue81.fr\/wp-content\/uploads\/2023\/10\/Ajouter-un-titre-1024x577.png\" class=\"attachment-large size-large wp-post-image\" alt=\"\" srcset=\"https:\/\/reflexologue81.fr\/wp-content\/uploads\/2023\/10\/Ajouter-un-titre-1024x577.png 1024w, https:\/\/reflexologue81.fr\/wp-content\/uploads\/2023\/10\/Ajouter-un-titre-300x169.png 300w, https:\/\/reflexologue81.fr\/wp-content\/uploads\/2023\/10\/Ajouter-un-titre-1536x865.png 1536w, https:\/\/reflexologue81.fr\/wp-content\/uploads\/2023\/10\/Ajouter-un-titre.png 1640w\" sizes=\"auto, (max-width: 1024px) 100vw, 1024px\" \/><\/a><\/div><h2 class=\"w-post-elm post_title usg_post_title_1 entry-title color_link_inherit\"><a href=\"https:\/\/reflexologue81.fr\/?p=4051\">Mieux vivre l\u2019automne\ud83c\udf42\ud83c\udf44 avec la r\u00e9flexologie<\/a><\/h2>\t\t<\/div>\r\n\t\t\t<\/article>\r\n\t<article class=\"w-grid-item us_animate_afb size_1x1 post-4046 post type-post status-publish format-standard has-post-thumbnail hentry category-uncategorized\" data-id=\"4046\" style=\"animation-delay:0.1s\">\r\n\t\t<div class=\"w-grid-item-h\">\r\n\t\t\t\t\t\t\t<a href=\"https:\/\/reflexologue81.fr\/?p=4046\" class=\"w-grid-item-anchor\" aria-label=\"Fin juillet, d\u00e9but ao\u00fbt\"><\/a>\r\n\t\t\t\t\t\t<div class=\"w-post-elm post_image usg_post_image_1 stretched\"><a href=\"https:\/\/reflexologue81.fr\/?p=4046\" aria-label=\"Fin juillet, d\u00e9but ao\u00fbt\"><img loading=\"lazy\" decoding=\"async\" width=\"940\" height=\"788\" src=\"https:\/\/reflexologue81.fr\/wp-content\/uploads\/2023\/07\/Preparez-vous-aux-vacances-avec-la-reflexologie-2.png\" class=\"attachment-large size-large wp-post-image\" alt=\"\" srcset=\"https:\/\/reflexologue81.fr\/wp-content\/uploads\/2023\/07\/Preparez-vous-aux-vacances-avec-la-reflexologie-2.png 940w, https:\/\/reflexologue81.fr\/wp-content\/uploads\/2023\/07\/Preparez-vous-aux-vacances-avec-la-reflexologie-2-300x251.png 300w\" sizes=\"auto, (max-width: 940px) 100vw, 940px\" \/><\/a><\/div><h2 class=\"w-post-elm post_title usg_post_title_1 entry-title color_link_inherit\"><a href=\"https:\/\/reflexologue81.fr\/?p=4046\">Fin juillet, d\u00e9but ao\u00fbt<\/a><\/h2>\t\t<\/div>\r\n\t\t\t<\/article>\r\n\t<article class=\"w-grid-item us_animate_afb size_1x1 post-4041 post type-post status-publish format-standard has-post-thumbnail hentry category-uncategorized\" data-id=\"4041\" style=\"animation-delay:0.2s\">\r\n\t\t<div class=\"w-grid-item-h\">\r\n\t\t\t\t\t\t\t<a href=\"https:\/\/reflexologue81.fr\/?p=4041\" class=\"w-grid-item-anchor\" aria-label=\"L&rsquo;\u00e9t\u00e9 et la R\u00e9flexologie\"><\/a>\r\n\t\t\t\t\t\t<div class=\"w-post-elm post_image usg_post_image_1 stretched\"><a href=\"https:\/\/reflexologue81.fr\/?p=4041\" aria-label=\"L&rsquo;\u00e9t\u00e9 et la R\u00e9flexologie\"><img loading=\"lazy\" decoding=\"async\" width=\"1024\" height=\"768\" src=\"https:\/\/reflexologue81.fr\/wp-content\/uploads\/2023\/07\/soleil-reflexo-1024x768.jpg\" class=\"attachment-large size-large wp-post-image\" alt=\"\" srcset=\"https:\/\/reflexologue81.fr\/wp-content\/uploads\/2023\/07\/soleil-reflexo-1024x768.jpg 1024w, https:\/\/reflexologue81.fr\/wp-content\/uploads\/2023\/07\/soleil-reflexo-300x225.jpg 300w, https:\/\/reflexologue81.fr\/wp-content\/uploads\/2023\/07\/soleil-reflexo-1536x1152.jpg 1536w, https:\/\/reflexologue81.fr\/wp-content\/uploads\/2023\/07\/soleil-reflexo.jpg 2048w\" sizes=\"auto, (max-width: 1024px) 100vw, 1024px\" \/><\/a><\/div><h2 class=\"w-post-elm post_title usg_post_title_1 entry-title color_link_inherit\"><a href=\"https:\/\/reflexologue81.fr\/?p=4041\">L&rsquo;\u00e9t\u00e9 et la R\u00e9flexologie<\/a><\/h2>\t\t<\/div>\r\n\t\t\t<\/article>\r\n<\/div><div class=\"w-grid-preloader\">\t<div class=\"g-preloader type_1\">\r\n\t\t<div><\/div>\r\n\t<\/div>\r\n\t<\/div>\t\t\t<div class=\"g-loadmore \">\r\n\t\t\t\t<div class=\"g-preloader type_1\">\r\n\t\t\t\t\t<div><\/div>\r\n\t\t\t\t<\/div>\r\n\t\t\t\t<button class=\"w-btn us-btn-style_1\">\r\n\t\t\t\t\t<span class=\"w-btn-label\">Charger plus<\/span>\r\n\t\t\t\t<\/button>\r\n\t\t\t<\/div>\r\n\t\t\t\t<div class=\"w-grid-json hidden\" onclick='return {&quot;action&quot;:&quot;us_ajax_grid&quot;,&quot;infinite_scroll&quot;:true,&quot;max_num_pages&quot;:2,&quot;pagination&quot;:&quot;ajax&quot;,&quot;template_vars&quot;:{&quot;columns&quot;:&quot;3&quot;,&quot;exclude_items&quot;:&quot;none&quot;,&quot;img_size&quot;:&quot;default&quot;,&quot;ignore_items_size&quot;:0,&quot;items_layout&quot;:&quot;blog_1&quot;,&quot;items_offset&quot;:&quot;1&quot;,&quot;load_animation&quot;:&quot;afb&quot;,&quot;overriding_link&quot;:&quot;%7B%22type%22%3A%22post%22%7D&quot;,&quot;post_id&quot;:0,&quot;query_args&quot;:{&quot;post_type&quot;:[&quot;post&quot;],&quot;post_status&quot;:[&quot;publish&quot;],&quot;posts_per_page&quot;:&quot;9&quot;},&quot;orderby_query_args&quot;:{&quot;orderby&quot;:{&quot;date&quot;:&quot;DESC&quot;}},&quot;type&quot;:&quot;grid&quot;,&quot;us_grid_post_type&quot;:&quot;post&quot;,&quot;us_grid_ajax_index&quot;:1,&quot;us_grid_filter_query_string&quot;:null,&quot;us_grid_index&quot;:1,&quot;page_args&quot;:[]}}'><\/div>\r\n\t<\/div><\/div><\/div><\/div><\/div><\/section>\n","protected":false},"excerpt":{"rendered":"L'\u00e9t\u00e9 est l\u00e0... Soleil=chaleur... Mais pour 70% des femmes vient avec : jambes lourdes, ou syndromes des jambes sans repos , pieds gonfl\u00e9s, crampes... La r\u00e9flexologie et le massage foot tha\u00ef vous aide et soulage ses sensations et \u00e0 sentir vos pieds et vos jambes beaucoup plus l\u00e9g\u00e8res En R\u00e9flexologie je travail sur cette probl\u00e9matique...","protected":false},"author":1,"featured_media":0,"parent":0,"menu_order":0,"comment_status":"closed","ping_status":"closed","template":"","meta":{"footnotes":""},"class_list":["post-3199","page","type-page","status-publish","hentry"],"_links":{"self":[{"href":"https:\/\/reflexologue81.fr\/index.php?rest_route=\/wp\/v2\/pages\/3199","targetHints":{"allow":["GET"]}}],"collection":[{"href":"https:\/\/reflexologue81.fr\/index.php?rest_route=\/wp\/v2\/pages"}],"about":[{"href":"https:\/\/reflexologue81.fr\/index.php?rest_route=\/wp\/v2\/types\/page"}],"author":[{"embeddable":true,"href":"https:\/\/reflexologue81.fr\/index.php?rest_route=\/wp\/v2\/users\/1"}],"replies":[{"embeddable":true,"href":"https:\/\/reflexologue81.fr\/index.php?rest_route=%2Fwp%2Fv2%2Fcomments&post=3199"}],"version-history":[{"count":2,"href":"https:\/\/reflexologue81.fr\/index.php?rest_route=\/wp\/v2\/pages\/3199\/revisions"}],"predecessor-version":[{"id":3961,"href":"https:\/\/reflexologue81.fr\/index.php?rest_route=\/wp\/v2\/pages\/3199\/revisions\/3961"}],"wp:attachment":[{"href":"https:\/\/reflexologue81.fr\/index.php?rest_route=%2Fwp%2Fv2%2Fmedia&parent=3199"}],"curies":[{"name":"wp","href":"https:\/\/api.w.org\/{rel}","templated":true}]}}