{"id":1293,"date":"2016-08-03T09:44:22","date_gmt":"2016-08-03T09:44:22","guid":{"rendered":"http:\/\/impreza7.us-themes.com\/?page_id=1293"},"modified":"2023-01-12T12:35:52","modified_gmt":"2023-01-12T12:35:52","slug":"votre_reflexologue_1","status":"publish","type":"page","link":"https:\/\/reflexologue81.fr\/?page_id=1293","title":{"rendered":"Votre reflexologue"},"content":{"rendered":"<section class=\"l-section wpb_row height_medium\"><div class=\"l-section-h i-cf\"><div class=\"g-cols vc_row via_grid cols_1 laptops-cols_inherit tablets-cols_inherit mobiles-cols_1 valign_top type_default stacking_default\"><div class=\"wpb_column vc_column_container\"><div class=\"vc_column-inner\"><div class=\"w-separator size_custom\" style=\"height:100px\"><\/div><\/div><\/div><\/div><\/div><\/section><section class=\"l-section wpb_row height_auto\"><div class=\"l-section-h i-cf\"><div class=\"g-cols vc_row via_grid cols_2-1 laptops-cols_inherit tablets-cols_inherit mobiles-cols_1 valign_top type_default stacking_default\"><div class=\"wpb_column vc_column_container us_custom_60e9caca us_animate_this\"><div class=\"vc_column-inner\"><h2 class=\"w-post-elm post_title entry-title color_link_inherit\">Votre reflexologue<\/h2><div class=\"wpb_text_column\"><div class=\"wpb_wrapper\"><div>\n<p class=\"Textbody\" style=\"text-align: left;\">Je m\u2019appelle Virginie Lucenti, apr\u00e8s 19 ans \u00e0 exercer dans la grande distribution, adepte des techniques issues de la m\u00e9decine douce, j&rsquo;ai choisi la r\u00e9flexologie comme reconversion professionnelle\u00a0.<\/p>\n<p>&nbsp;<\/p>\n<\/div>\n<div style=\"text-align: left;\">\n<p class=\"Textbody\">1 ann\u00e9e pass\u00e9e au centre de formation de Sandrine Dupuis \u00e0 Montauban en 2021, m&rsquo;a permis d&rsquo;obtenir mes certificats de R\u00e9flexologie\u00a0: plantaire, faciale, palmaire, m\u00e9thode m\u00e9tamorphique ainsi que conseill\u00e8re en fleurs de Bach.<\/p>\n<\/div>\n<\/div><\/div><\/div><\/div><div class=\"wpb_column vc_column_container\"><div class=\"vc_column-inner\"><div class=\"w-image align_center\"><div class=\"w-image-h\"><img decoding=\"async\" width=\"300\" height=\"300\" src=\"https:\/\/reflexologue81.fr\/wp-content\/uploads\/2023\/01\/Resized_DSCF2007-17_76911-300x300.jpg\" class=\"attachment-medium size-medium\" alt=\"\" loading=\"lazy\" srcset=\"https:\/\/reflexologue81.fr\/wp-content\/uploads\/2023\/01\/Resized_DSCF2007-17_76911-300x300.jpg 300w, https:\/\/reflexologue81.fr\/wp-content\/uploads\/2023\/01\/Resized_DSCF2007-17_76911-150x150.jpg 150w, https:\/\/reflexologue81.fr\/wp-content\/uploads\/2023\/01\/Resized_DSCF2007-17_76911.jpg 800w\" sizes=\"auto, (max-width: 300px) 100vw, 300px\" \/><\/div><\/div><\/div><\/div><\/div><\/div><\/section><section class=\"l-section wpb_row height_medium\"><div class=\"l-section-h i-cf\"><div class=\"g-cols vc_row via_grid cols_1 laptops-cols_inherit tablets-cols_inherit mobiles-cols_1 valign_top type_default stacking_default\"><div class=\"wpb_column vc_column_container\"><div class=\"vc_column-inner\"><div class=\"w-separator size_custom\" style=\"height:100px\"><\/div><\/div><\/div><\/div><\/div><\/section>\n","protected":false},"excerpt":{"rendered":"Votre reflexologue Je m\u2019appelle Virginie Lucenti, apr\u00e8s 19 ans \u00e0 exercer dans la grande distribution, adepte des techniques issues de la m\u00e9decine douce, j&rsquo;ai choisi la r\u00e9flexologie comme reconversion professionnelle\u00a0. &nbsp; 1 ann\u00e9e pass\u00e9e au centre de formation de Sandrine Dupuis \u00e0 Montauban en 2021, m&rsquo;a permis d&rsquo;obtenir mes certificats de R\u00e9flexologie\u00a0: plantaire, faciale, palmaire,...","protected":false},"author":1,"featured_media":0,"parent":0,"menu_order":0,"comment_status":"closed","ping_status":"closed","template":"","meta":{"footnotes":""},"class_list":["post-1293","page","type-page","status-publish","hentry"],"_links":{"self":[{"href":"https:\/\/reflexologue81.fr\/index.php?rest_route=\/wp\/v2\/pages\/1293","targetHints":{"allow":["GET"]}}],"collection":[{"href":"https:\/\/reflexologue81.fr\/index.php?rest_route=\/wp\/v2\/pages"}],"about":[{"href":"https:\/\/reflexologue81.fr\/index.php?rest_route=\/wp\/v2\/types\/page"}],"author":[{"embeddable":true,"href":"https:\/\/reflexologue81.fr\/index.php?rest_route=\/wp\/v2\/users\/1"}],"replies":[{"embeddable":true,"href":"https:\/\/reflexologue81.fr\/index.php?rest_route=%2Fwp%2Fv2%2Fcomments&post=1293"}],"version-history":[{"count":17,"href":"https:\/\/reflexologue81.fr\/index.php?rest_route=\/wp\/v2\/pages\/1293\/revisions"}],"predecessor-version":[{"id":4002,"href":"https:\/\/reflexologue81.fr\/index.php?rest_route=\/wp\/v2\/pages\/1293\/revisions\/4002"}],"wp:attachment":[{"href":"https:\/\/reflexologue81.fr\/index.php?rest_route=%2Fwp%2Fv2%2Fmedia&parent=1293"}],"curies":[{"name":"wp","href":"https:\/\/api.w.org\/{rel}","templated":true}]}}

<section class="l-section wpb_row height_medium"><div class="l-section-h i-cf"><div class="g-cols vc_row via_grid cols_1 laptops-cols_inherit tablets-cols_inherit mobiles-cols_1 valign_top type_default stacking_default"><div class="wpb_column vc_column_container"><div class="vc_column-inner"><div class="w-separator size_custom" style="height:100px"></div></div></div></div></div></section><section class="l-section wpb_row height_auto"><div class="l-section-h i-cf"><div class="g-cols vc_row via_grid cols_2-1 laptops-cols_inherit tablets-cols_inherit mobiles-cols_1 valign_top type_default stacking_default"><div class="wpb_column vc_column_container us_custom_60e9caca us_animate_this"><div class="vc_column-inner"><h2 class="w-post-elm post_title entry-title color_link_inherit">Votre reflexologue</h2><div class="wpb_text_column"><div class="wpb_wrapper"><div>
<p class="Textbody" style="text-align: left;">Je m’appelle Virginie Lucenti, après 19 ans à exercer dans la grande distribution, adepte des techniques issues de la médecine douce, j&rsquo;ai choisi la réflexologie comme reconversion professionnelle .</p>
<p>&nbsp;</p>
</div>
<div style="text-align: left;">
<p class="Textbody">1 année passée au centre de formation de Sandrine Dupuis à Montauban en 2021, m&rsquo;a permis d&rsquo;obtenir mes certificats de Réflexologie : plantaire, faciale, palmaire, méthode métamorphique ainsi que conseillère en fleurs de Bach.</p>
</div>
</div></div></div></div><div class="wpb_column vc_column_container"><div class="vc_column-inner"><div class="w-image align_center"><div class="w-image-h"><img decoding="async" width="300" height="300" src="https://reflexologue81.fr/wp-content/uploads/2023/01/Resized_DSCF2007-17_76911-300x300.jpg" class="attachment-medium size-medium" alt="" loading="lazy" srcset="https://reflexologue81.fr/wp-content/uploads/2023/01/Resized_DSCF2007-17_76911-300x300.jpg 300w, https://reflexologue81.fr/wp-content/uploads/2023/01/Resized_DSCF2007-17_76911-150x150.jpg 150w, https://reflexologue81.fr/wp-content/uploads/2023/01/Resized_DSCF2007-17_76911.jpg 800w" sizes="auto, (max-width: 300px) 100vw, 300px" /></div></div></div></div></div></div></section><section class="l-section wpb_row height_medium"><div class="l-section-h i-cf"><div class="g-cols vc_row via_grid cols_1 laptops-cols_inherit tablets-cols_inherit mobiles-cols_1 valign_top type_default stacking_default"><div class="wpb_column vc_column_container"><div class="vc_column-inner"><div class="w-separator size_custom" style="height:100px"></div></div></div></div></div></section>

Votre reflexologue Je m’appelle Virginie Lucenti, après 19 ans à exercer dans la grande distribution, adepte des techniques issues de la médecine douce, j&rsquo;ai choisi la réflexologie comme reconversion professionnelle . &nbsp; 1 année passée au centre de formation de Sandrine Dupuis à Montauban en 2021, m&rsquo;a permis d&rsquo;obtenir mes certificats de Réflexologie : plantaire, faciale, palmaire,...
